vative of -1/60*k**5 + 4*k**2 + 11/6*k**3 + 0*k + 1/3*k**y + 0. Calculate a(9).
2
Let i(b) = -10*b + 137*b**2 - 43*b**2 + 3*b - 44*b**2 - 49*b**2 - 18. What is i(10)?
12
Let m(j) = -211 + 2*j**2 - 77*j - 546 + 794. Determine m(38).
-1
Let h = 8 + -5. Let k be (-2 + (-14)/(-3))*(-117)/(-78). Let z(x) = h*x**2 - 27*x - k*x**2 + 31*x. What is z(6)?
-12
Let d(h) = -3*h - 4. Suppose -472 + 469 = -l, -15 = 3*p + 3*l. Determine d(p).
20
Suppose -p = 2*j - 1, -2*j + 24*p - 21*p + 21 = 0. Let m(c) = -2*c - 7. Determine m(j).
-13
Let p = 31 - 40. Let n(m) = -m**3 - 11*m**2 - 19*m - 7. Let t be n(p). Let x(b) = -b**3 - 17 + 7*b + b**3 - b**3 - 8*b + b**t. Determine x(0).
-17
Let t(a) = a**2 - 10*a + 14. Suppose -65 + 497 = 48*h. Give t(h).
5
Let i be 1/((-83)/(-7) - 12). Let s(k) = -2*k**2 - 15*k - 16. Determine s(i).
-9
Let p(r) = -6810 - 12*r**2 + 13571 - 18*r + 13*r**2 - 6806. What is p(20)?
-5
Let o(h) = 2*h**2 - 12*h - 81. Suppose -25 + 15 = -2*r + 2*l, l + 15 = 2*r. What is o(r)?
-1
Suppose d - 72 = 5*w - 4, -6 = 3*d. Let f(a) = -a**2 - 9*a + 69. Calculate f(w).
-1
Let s(z) = 157*z - 4676 - 171*z + 4567. Calculate s(-7).
-11
Let n(i) be the first derivative of i + 76 + 5/2*i**2. What is n(-1)?
-4
Let s(d) = d**3 + d**2 - d - 2. Let h be (9 - (5 - -10)) + -9*(-1)/3. What is s(h)?
-17
Let j(i) = -11*i**2 - 74*i - 244. Let n(v) = 37*v**2 + 247*v + 812. Let u(t) = 27*j(t) + 8*n(t). What is u(-15)?
13
Let o(u) = -u**3 - 18*u**2 + u + 19. Let j = 2154 - 2172. What is o(j)?
1
Let p be (3 - (-5 + 3))/(3/9). Let v(d) = 21*d**2 + p*d**2 - 52*d**2 - 1 - 5*d + 17*d**2. Calculate v(3).
-7
Let l(f) = -11*f**3 + 5*f**2 + 24*f - 41. Let t(g) = -9*g**3 + 4*g**2 + 20*g - 42. Let o(c) = -5*l(c) + 6*t(c). Determine o(0).
-47
Let y(m) = m - 8. Let j(v) be the second derivative of -7*v**3/6 + 19*v**2 + 24*v. Let t be j(18). Let u = 92 + t. Calculate y(u).
-4
Let l(f) be the second derivative of -f**4/12 + 35*f**3/6 - 66*f**2 - 4253*f. What is l(31)?
-8
Let g(o) = 2*o**3 + 20*o**2 - 6*o - 60. Let y be g(-10). Suppose 0 = -3*r + 4*r - 2. Suppose -r*n + 10*n + 40 = y. Let i(x) = -x + 3. What is i(n)?
8
Let o(b) be the third derivative of -13*b**4/24 - 11*b**3/6 + b**2 + 862. Determine o(3).
-50
Let o be -1 - (23/(-7) - (-4)/14). Let f(u) be the first derivative of 0*u**o + 17 - 6*u + u**2 + 12 - 25. Give f(6).
6
Suppose 3*d - 2*l = 3*l - 22, 5*d + 4*l + 12 = 0. Let n(a) be the third derivative of a**5/60 - a**4/8 - a**3 - a**2 - 623*a + 1. Calculate n(d).
22
Let j(m) = 136*m - 81*m - 42 - 11 - 82*m. Give j(-2).
1
Let a(r) be the first derivative of r**4/4 + r**3 - 7*r**2/2 - 7*r - 1851. What is a(-2)?
11
Let i(y) be the third derivative of 3*y**4/8 - 125*y**3/6 - 2348*y**2. Determine i(14).
1
Let p(q) = q**3 + 2*q**2 + 5*q - 2. Let o(l) = -3*l**3 - 12*l**2 - 24*l + 8. Let a(j) = -o(j) - 4*p(j). What is a(5)?
-5
Let n(b) = 2*b**2 + 38*b - 9. Let q be n(0). Let v(h) = 5*h + 26. Calculate v(q).
-19
Let t(b) be the second derivative of 0 + 1/6*b**3 + 3*b**2 + 35*b. What is t(3)?
9
Let x = -99 - -117. Suppose 81*h - 78*h - x = 0. Let j(w) = w**3 - 5*w**2 - 3*w - 1. What is j(h)?
17
Let c(l) be the first derivative of -10*l - 1/2*l**2 - 161. Suppose 5*z - 17 + 52 = -2*f, -21 = 3*z - 4*f. Determine c(z).
-3
Let k(g) = -g - 16. Let m(j) = -2*j - 16. Let n(h) = 3*k(h) + m(h). Give n(-10).
-14
Suppose 2*f = 20*f - 71784. Let c(d) = d**2 + 3987*d**3 - f*d**3 - 1 + 0*d**2. What is c(-2)?
11
Let h be 1/2 - (-10)/4. Suppose 0 = -q - 4*g - 12, g + 6 = 4*q + h. Let x(f) = -182 + f**2 + 180 + q*f + 0*f - 3*f. What is x(-2)?
8
Let p(v) = -23*v + 275. Let m be p(7). Suppose 0*s - 6*s = -m. Let x(d) = d**2 - 20*d + 23. What is x(s)?
4
Let g(c) = -4*c - 542 + 1066 - 521. Give g(-13).
55
Let v(o) = o**2 - 8*o - 11. Suppose -9*q + 26*q - 4131 = 0. Let c = -233 + q. Calculate v(c).
9
Suppose -63*h = -51*h - 264. Suppose -n - s = -5, 2*s - h = -n - 14. Let o(w) = -2*w**3 + w**2 + w + 2. Calculate o(n).
-8
Let s(r) = 3*r + 1. Let k be (1 - (-39)/(-15))*360/144. Determine s(k).
-11
Let l = 15 + -10. Suppose 16 = -4*u, 3*d - 12 = l*u + 8. Suppose 6*w - 2*w - i + 21 = d, -i + 15 = -3*w. Let q(t) = t**3 + 5*t**2 - 7*t - 5. What is q(w)?
1
Suppose -4 = 5*h + 1. Let k(c) be the first derivative of -c**2/2 - c + 1772. Calculate k(h).
0
Let h(f) = -f**3 + 12*f**2 + 28*f + 1. Let b = 3115 - 3101. What is h(b)?
1
Let x(p) = -226 - 57 + 77163*p - 77178*p. Determine x(-18).
-13
Let z(q) = -q**3 + 2*q**2 - q + 1. Suppose 6*m - 4*r - 44 = 5*m, -2*m + 73 = -3*r. Suppose 4*n = 20*n - m. Determine z(n).
-1
Let g(z) be the second derivative of -z**6/120 - z**5/20 + 5*z**4/24 - z**3/3 - 30*z**2 - 50*z. Let c(d) be the first derivative of g(d). Determine c(-4).
-6
Let u(z) be the first derivative of 8*z**2 - 7*z - 50. Let p(j) = -30*j + 13. Let s(l) = 6*p(l) + 11*u(l). Give s(-3).
13
Suppose -19*x - 2937 = -30*x. Let m be (-2047)/x - ((-1)/(-3) + 0). Let k(r) = r + 14. Calculate k(m).
6
Let u(w) = -w**2 - 3*w - 2. Suppose 0*v = 2*v - 36. Suppose -2*p - 58 - v = 0. Let o = -40 - p. Determine u(o).
0
Let p(y) = y**2 - 5*y + 3. Let z be (30/5)/(12/8). Suppose w + 4*l = -3*w + 4, -2*w = z*l - 4. Suppose w*a - 30 = -5*a. Determine p(a).
9
Let a(o) = o**3 + 15*o**2 + 15*o + 12. Let x be a(-14). Let t = x - 2. Let w(y) = y + 10*y + 6 - 8*y**2 + 9*y**2 - 4*y. Determine w(t).
-6
Let l(k) = -2*k**2 + 7*k**3 - 9956*k + 9959*k - 8*k**3. What is l(2)?
-10
Let h(l) = 7*l**2 - 9*l + 2. Let c(t) = 3*t**2 - 5*t + 1. Let f(a) = -5*c(a) + 2*h(a). Suppose 48*u - 15*u = 63 + 201. What is f(u)?
-9
Let k(z) = 4 - 1 + 21*z - 28*z - 24*z + 30*z - 42*z**2. Calculate k(1).
-40
Let r(j) = -2*j. Let c(t) = t + 6. Let x be 27/(-4) - 7/28. Let p be c(x). Let z = -4 - p. What is r(z)?
6
Let b(h) be the second derivative of -h**5/20 - h**4/4 + h**3/6 + h**2/2 - 1382*h. Give b(-3).
-2
Let y = -186 - -192. Let h(q) be the second derivative of -q**4/24 + 2*q**3/3 - 19*q**2/2 - 7*q. Let c(g) be the first derivative of h(g). Determine c(y).
-2
Let q(o) be the second derivative of o**5/20 - o**4/12 + 2*o**3/3 + o**2/2 + 6301*o. Give q(5).
121
Let v be (2 + (-88)/32)/(2/(-16)). Let f(s) = 11 + 13 + v*s + s**2 - 34 + 11. Calculate f(-6).
1
Let c(o) = 2*o. Let s(u) = u + 42. Let q be s(-17). Let g = q - 25. Let n(w) = w**3 + w + 1. Let y be n(g). Give c(y).
2
Let j(v) be the first derivative of 2*v**2 - 7 - 9*v**2 + v - 22 + 4*v**2. Suppose -3*t = -3 - 6, 3*s = -4*t + 15. What is j(s)?
-5
Suppose -31 - 14 = -3*j. Suppose -j + 4 = -11*t. Let s(v) = -5 - 4*v + 6 - 2 + 17*v. Give s(t).
12
Let p(f) = -12*f - 1. Suppose o - 3*m + 312 = 0, 0 = -5*o + 10*o + 5*m + 1460. Let b = 299 + o. Calculate p(b).
-25
Let h(g) = -13*g**2 + 10*g - 17. Let d(s) = -9*s**2 + 7*s - 12. Let r = -356 + 363. Let b(j) = r*d(j) - 5*h(j). What is b(-2)?
11
Let v(a) = a**2 - a + 9. Let u(d) = d**2 + d + 6. Let j(c) = 3*u(c) - v(c). What is j(-6)?
57
Let j = 21 - 19. Let i(k) = 16*k**3 - 13*k**2 + 11*k - 11. Let s(p) = -9*p**3 + 7*p**2 - 6*p + 6. Let n(f) = 4*i(f) + 7*s(f). Determine n(j).
-2
Let y(s) = s**2 - 8*s - 17. Let w(d) = -256*d**2 + 1794*d - 5. Let c be w(7). Determine y(c).
-8
Let a(q) = q - 1. Let g(x) = -x + 18. Let j be g(14). Let r be a(j). Suppose -4 = 4*y - r*y. Let o(m) = m**2 + m + 2. Calculate o(y).
14
Let x(o) be the second derivative of -5*o**3/6 + 4*o**2 + 7967*o. Calculate x(2).
-2
Let r = -1522 + 1529. Let i(g) = -35*g + 247. Calculate i(r).
2
Let b = 11 + -4. Let u = b - 5. Let y(t) = 2*t**2 - 4*t + 2. Determine y(u).
2
Let y(j) = -19*j**2 - 2*j + 4. Let a be y(1). Let u(t) = t**3 + 15*t**2 - 32*t + 22. What is u(a)?
-12
Let v(p) = 2*p**2 - p. Let q be v(-1). Let b(s) = -92*s + 11 - 153*s - 90*s + 332*s. Calculate b(q).
2
Let g(y) be the third derivative of -y**6/120 - y**5/4 + 19*y**4/24 + 11*y**3/2 + 7*y**2 - 6*y. Calculate g(-16).
-15
Suppose -8 = k - 3*l, -26*k + 24*k - 10*l = -48. Let x(v) = 27*v - 91. Calculate x(k).
17
Let o = -85 + 91. Let b be (8/12*o)/((-20)/(-15)). Let u(a) = 2 - 2 - a**2 + 2*a + 3. Determine u(b).
0
Let z(p) = -2*p - 7. Let t be (0/(-4))/(-2*(-12)/8). Suppose t*l = 4*l. Suppose -k + 2*s = 10, 0 = 2*k - l*k + 2*s + 8. Give z(k).
5
Let a(c) = -8*c**2 + 7. Let u(p) = -p - 219 + 7*p**2 - 197 + 409. Let g(b) = b**2 - 6*b - 2. Let y be g